55618528?
True
Does 63 divide 14351904?
True
Is 3658 a factor of 56592918?
True
Is 186 a factor of 1684730635?
False
Is 258589827 a multiple of 130?
False
Is 31315065 a multiple of 200?
False
Is 22291142 a multiple of 19?
True
Is 48459777 a multiple of 157?
True
Does 114 divide 296409690?
True
Does 2 divide 68051261?
False
Is 536 a factor of 157942313?
False
Is 297 a factor of 51833355?
False
Is 39625560 a multiple of 2340?
True
Is 1921631050 a multiple of 1246?
False
Does 19 divide 365526949?
False
Does 12 divide 100363335?
False
Is 7704 a factor of 1007752356?
False
Is 3137090110 a multiple of 110?
True
Is 116 a factor of 82140528?
True
Does 48 divide 6129119952?
True
Does 238 divide 171449726?
True
Is 317 a factor of 65770209?
True
Is 1234 a factor of 417793397?
False
Is 3827 a factor of 340267306?
False
Is 13078276 a multiple of 12?
False
Is 9 a factor of 314667?
True
Is 9484598 a multiple of 617?
False
Does 17 divide 31718770?
True
Is 2376276 a multiple of 12?
True
Does 84 divide 66965472?
True
Does 371 divide 47146309?
True
Is 56835353 a multiple of 114?
False
Does 53 divide 21435235?
False
Does 24 divide 61130553?
False
Is 528367535 a multiple of 4993?
False
Is 8233497 a multiple of 9?
True
Is 64 a factor of 575459468?
False
Is 49853520 a multiple of 680?
True
Is 476032365 a multiple of 19?
True
Is 20 a factor of 479626042?
False
Is 97610432 a multiple of 461?
False
Is 1274368 a multiple of 64?
True
Is 84602272 a multiple of 4?
True
Does 2460 divide 128987640?
True
Is 186 a factor of 983207646?
False
Is 121866287 a multiple of 131?
True
Is 922035486 a multiple of 1187?
True
Is 71 a factor of 14603626?
False
Does 130 divide 2848515?
False
Does 25 divide 36367050?
True
Is 1503 a factor of 115747533?
True
Is 14 a factor of 7910070?
True
Does 64 divide 232374784?
True
Does 3007 divide 122324445?
False
Is 313302968 a multiple of 383?
False
Is 6 a factor of 239315451?
False
Is 62569698 a multiple of 1201?
True
Is 3138 a factor of 295872606?
True
Does 11 divide 54187177?
True
Does 15 divide 200371964?
False
Is 7829292 a multiple of 19?
True
Is 882 a factor of 156119845?
False
Does 125 divide 6241000?
True
Is 358460884 a multiple of 74?
True
Is 19130116 a multiple of 15?
False
Does 30 divide 51205890?
True
Does 42 divide 75129399?
False
Is 799240 a multiple of 13?
True
Is 51 a factor of 53352171?
True
Does 19 divide 28700431?
True
Is 6856343 a multiple of 13?
True
Is 483283800 a multiple of 30?
True
Does 290 divide 123940896?
False
Is 2531618 a multiple of 3?
False
Does 38 divide 2619834?
True
Is 326945619 a multiple of 21?
True
Is 1021 a factor of 107222479?
False
Is 334625176 a multiple of 5?
False
Does 1630 divide 156346340?
True
Is 11 a factor of 208983964?
False
Does 316 divide 15972651?
False
Is 480714390 a multiple of 4635?
True
Does 4394 divide 584191088?
True
Is 28650401 a multiple of 460?
False
Is 4 a factor of 1067097?
False
Does 72 divide 14644566?
False
Is 17281103 a multiple of 13?
False
Is 47 a factor of 9983802?
False
Does 32 divide 3156704?
True
Is 4308930515 a multiple of 1895?
False
Does 80 divide 62651840?
True
Is 2287 a factor of 38632004?
True
Is 3 a factor of 8250294?
True
Does 19 divide 25193259?
True
Does 951 divide 31444255?
False
Is 5616196284 a multiple of 28?
False
Is 611631394 a multiple of 17?
False
Is 7163372 a multiple of 380?
False
Is 559538978 a multiple of 202?
False
Does 7568 divide 3996871546?
False
Is 34800519 a multiple of 13?
True
Is 988401870 a multiple of 194?
True
Does 206 divide 180978828?
True
Is 2263201586 a multiple of 161?
False
Is 239 a factor of 32994189?
True
Is 27 a factor of 26520680?
False
Does 306 divide 500323464?
True
Is 257492109 a multiple of 1108?
False
Is 5 a factor of 23444264?
False
Does 11 divide 779726695?
True
Does 624 divide 746865377?
False
Is 35 a factor of 15177890?
True
Is 131555613 a multiple of 3?
True
Is 224877840 a multiple of 15?
True
Is 24 a factor of 49788792?
True
Is 24840349 a multiple of 44?
False
Is 13396249 a multiple of 13?
False
Does 217 divide 64384518?
False
Is 641107264 a multiple of 68?
True
Does 960 divide 5071680?
True
Is 1535207589 a multiple of 199?
True
Is 309749271 a multiple of 199?
True
Does 23 divide 40576046?
False
Is 980243098 a multiple of 38?
True
Is 48 a factor of 2588405952?
True
Is 9085002 a multiple of 13?
False
Is 2057651304 a multiple of 51?
True
Is 13720599 a multiple of 55?
False
Is 81 a factor of 38325430?
False
Is 50 a factor of 255200550?
True
Is 137487294 a multiple of 3906?
True
Does 51 divide 2363593595?
False
Is 599951016 a multiple of 36?
True
Is 2380219168 a multiple of 32?
True
Is 10 a factor of 6903250?
True
Is 2571 a factor of 857867036?
False
Is 1507159448 a multiple of 364?
False
Does 11 divide 83080624?
True
Does 44 divide 9002550?
False
Is 2598513189 a multiple of 2917?
True
Is 850786816 a multiple of 176?
True
Is 2931 a factor of 518593554?
True
Is 36 a factor of 6619140?
True
Does 605 divide 14287075?
True
Is 856 a factor of 157513285?
False
Is 3341 a factor of 783116275?
False
Is 993 a factor of 281859078?
True
Is 350 a factor of 5098424100?
True
Is 288 a factor of 3693508?
False
Does 1606 divide 532149706?
True
Does 453 divide 199409694?
True
Is 1060 a factor of 414696380?
True
Does 32 divide 380091168?
True
Is 243371904 a multiple of 16?
True
Is 2605496 a multiple of 3?
False
Does 4 divide 313957584?
True
Is 46266710 a multiple of 665?
True
Does 104 divide 312129360?
False
Is 124 a factor of 70397404?
True
Does 832 divide 2499506048?
True
Does 23 divide 9926931?
False
Is 15834144 a multiple of 57?
True
Is 43086654 a multiple of 39?
True
Is 1576613399 a multiple of 1720?
False
Is 52600102 a multiple of 431?
True
Is 550801251 a multiple of 117?
True
Is 168795298 a multiple of 46?
True
Is 47 a factor of 929215070?
False
Is 230 a factor of 569872237?
False
Is 6 a factor of 99650820?
True
Does 655 divide 86194070?
True
Does 3 divide 132890221?
False
Is 10 a factor of 1356663196?
False
Is 132028132 a multiple of 1407?
False
Is 23174912 a multiple of 3363?
False
Is 41 a factor of 1112945?
True
Does 3857 divide 3422258362?
False
Does 163 divide 199381437?
True
Is 20709076 a multiple of 2?
True
Is 1569 a factor of 34007695?
False
Does 53 divide 24941505?
False
Is 53 a factor of 30878277?
True
Does 34 divide 265083272?
False
Does 68 divide 242312408?
False
Does 5 divide 436532861?
False
Is 141827499 a multiple of 23?
True
Does 84 divide 226497325?
False
Is 26838150 a multiple of 119?
False
Is 1290 a factor of 58482150?
True
Is 11566 a factor of 2007689639?
False
Is 6963 a factor of 797973726?
True
Is 294 a factor of 254423463?
False
Does 370 divide 55777500?
True
Is 561 a factor of 10774566?
True
Is 1449961391 a multiple of 3?
False
Is 62495594 a multiple of 7?
True
Is 1438 a factor of 73373950?
True
Is 784877688 a multiple of 27?
True
Is 57 a factor of 1052586282?
True
Is 12269 a factor of 2603923484?
True
Is 135 a factor of 3308433686?
False
Does 1774 divide 1266485210?
True
Is 99355590 a multiple of 299?
False
Is 172 a factor of 10160728?
True
Is 49362015 a multiple of 5?
True
Is 19 a factor of 16122826?
False
Does 62 divide 23658680?
False
Does 111 divide 137520453?
True
Is 5041050 a multiple of 70?
True
Is 82 a factor of 54969848?
True
Is 88945200 a multiple of 31?
True
Is 101698050 a multiple of 156?
False
Is 141584730 a multiple of 35?
True
Is 23098377 a multiple of 227?
False
Is 162711800 a multiple of 19?
False
Is 13 a factor of 12035855?
True
Is 63 a factor of 28970215?
False
Is 143795555 a multiple of 24?
False
Does 3453 divide 85442903?
False
Is 27 a factor of 89073874?
False
Does 28 divide 7055916?
True
Is 37828512 a multiple of 54?
True
Is 1101979683 a multiple of 63?
True
Is 432 a factor of 1213568352?
True
Is 51 a factor of 12167682?
True
Is 23355928 a multiple of 34?
False
Does 122 divide 109627000?
False
Is 1874 a factor of 54531569?
False
Does 12 divide 237659479?
False
Is 497677436 a multiple of 22?
False
Is 1067 a factor of 62915102?
False
Does 6 divide 30497706?
True
Is 1378 a factor of 216719583?
False
Does 12 divide 1142452929?
False
Is 11 a factor of 1561282657?
True
Is 8 a factor of 722224048?
True
Is 1134236265 a multiple of 25?
False
Is 10 a factor of 2632538520?
True
Does 3 divide 45016675?
